{"id":19,"date":"2022-02-25T11:18:43","date_gmt":"2022-02-25T11:18:43","guid":{"rendered":"https:\/\/ambertex.lt\/?page_id=19"},"modified":"2022-07-11T14:26:59","modified_gmt":"2022-07-11T14:26:59","slug":"tekstile","status":"publish","type":"page","link":"https:\/\/ambertex.lt\/index.php\/tekstile\/","title":{"rendered":"Tekstile"},"content":{"rendered":"\t\t<div data-elementor-type=\"wp-page\" data-elementor-id=\"19\" class=\"elementor elementor-19\">\n\t\t\t\t\t\t<section data-particle_enable=\"false\" data-particle-mobile-disabled=\"false\" class=\"elementor-section elementor-top-section elementor-element elementor-element-06e7e0e elementor-section-boxed elementor-section-height-default elementor-section-height-default\" data-id=\"06e7e0e\" data-element_type=\"section\">\n\t\t\t\t\t\t<div class=\"elementor-container elementor-column-gap-default\">\n\t\t\t\t\t<div class=\"elementor-column elementor-col-100 elementor-top-column elementor-element elementor-element-d102aeb\" data-id=\"d102aeb\" data-element_type=\"column\">\n\t\t\t<div class=\"elementor-widget-wrap elementor-element-populated\">\n\t\t\t\t\t\t<div class=\"elementor-element elementor-element-673a1dd elementor-position-left elementor-vertical-align-top elementor-widget elementor-widget-image-box\" data-id=\"673a1dd\" data-element_type=\"widget\" data-widget_type=\"image-box.default\">\n\t\t\t\t<div class=\"elementor-widget-container\">\n\t\t\t<style>\/*! elementor - v3.23.0 - 05-08-2024 *\/\n.elementor-widget-image-box .elementor-image-box-content{width:100%}@media (min-width:768px){.elementor-widget-image-box.elementor-position-left .elementor-image-box-wrapper,.elementor-widget-image-box.elementor-position-right .elementor-image-box-wrapper{display:flex}.elementor-widget-image-box.elementor-position-right .elementor-image-box-wrapper{text-align:end;flex-direction:row-reverse}.elementor-widget-image-box.elementor-position-left .elementor-image-box-wrapper{text-align:start;flex-direction:row}.elementor-widget-image-box.elementor-position-top .elementor-image-box-img{margin:auto}.elementor-widget-image-box.elementor-vertical-align-top .elementor-image-box-wrapper{align-items:flex-start}.elementor-widget-image-box.elementor-vertical-align-middle .elementor-image-box-wrapper{align-items:center}.elementor-widget-image-box.elementor-vertical-align-bottom .elementor-image-box-wrapper{align-items:flex-end}}@media (max-width:767px){.elementor-widget-image-box .elementor-image-box-img{margin-left:auto!important;margin-right:auto!important;margin-bottom:15px}}.elementor-widget-image-box .elementor-image-box-img{display:inline-block}.elementor-widget-image-box .elementor-image-box-title a{color:inherit}.elementor-widget-image-box .elementor-image-box-wrapper{text-align:center}.elementor-widget-image-box .elementor-image-box-description{margin:0}<\/style><div class=\"elementor-image-box-wrapper\"><figure class=\"elementor-image-box-img\"><img fetchpriority=\"high\" decoding=\"async\" width=\"800\" height=\"600\" src=\"https:\/\/ambertex.lt\/wp-content\/uploads\/2022\/02\/hdw1-plain-white-duvet-cover.jpg\" class=\"attachment-large size-large wp-image-139\" alt=\"\" srcset=\"https:\/\/ambertex.lt\/wp-content\/uploads\/2022\/02\/hdw1-plain-white-duvet-cover.jpg 800w, https:\/\/ambertex.lt\/wp-content\/uploads\/2022\/02\/hdw1-plain-white-duvet-cover-300x225.jpg 300w, https:\/\/ambertex.lt\/wp-content\/uploads\/2022\/02\/hdw1-plain-white-duvet-cover-150x113.jpg 150w, https:\/\/ambertex.lt\/wp-content\/uploads\/2022\/02\/hdw1-plain-white-duvet-cover-768x576.jpg 768w\" sizes=\"(max-width: 360px) 147px, (max-width: 800px) 100vw, 800px\" \/><\/figure><div class=\"elementor-image-box-content\"><h3 class=\"elementor-image-box-title\">Cotton Rich  patalyn\u0117s  komplektas<\/h3><p class=\"elementor-image-box-description\">Baltas, lygus, \u0161velnus&nbsp;Cotton Rich&nbsp;patalyn\u0117s  komplektas<br>\nSud\u0117tis: 70% medviln\u0117 30% poliesteris. \nMed\u017eiagos tankis 130TC.\t<br><br>\nSpecialus antklod\u0117s u\u017evalkalo ir paklodes \u017eenklinimas:\t<br>\nM\u0117lyna juostel\u0117 vienguliui u\u017evalkalui ir paklodei.\t<br>\nRaudona juostel\u0117  dviguliui u\u017evalkalui ir paklodei. <br><br>  <b>Pagaminta Egipte<\/b>\t\n<\/p><\/div><\/div>\t\t<\/div>\n\t\t\t\t<\/div>\n\t\t\t\t<div class=\"elementor-element elementor-element-c17e579 elementor-position-left elementor-vertical-align-top elementor-widget elementor-widget-image-box\" data-id=\"c17e579\" data-element_type=\"widget\" data-widget_type=\"image-box.default\">\n\t\t\t\t<div class=\"elementor-widget-container\">\n\t\t\t<div class=\"elementor-image-box-wrapper\"><figure class=\"elementor-image-box-img\"><img decoding=\"async\" width=\"800\" height=\"600\" src=\"https:\/\/ambertex.lt\/wp-content\/uploads\/2022\/02\/ss2-satin-stripe-duvet-cover-bag.jpg\" class=\"attachment-full size-full wp-image-97\" alt=\"\" srcset=\"https:\/\/ambertex.lt\/wp-content\/uploads\/2022\/02\/ss2-satin-stripe-duvet-cover-bag.jpg 800w, https:\/\/ambertex.lt\/wp-content\/uploads\/2022\/02\/ss2-satin-stripe-duvet-cover-bag-300x225.jpg 300w, https:\/\/ambertex.lt\/wp-content\/uploads\/2022\/02\/ss2-satin-stripe-duvet-cover-bag-150x113.jpg 150w, https:\/\/ambertex.lt\/wp-content\/uploads\/2022\/02\/ss2-satin-stripe-duvet-cover-bag-768x576.jpg 768w\" sizes=\"(max-width: 360px) 147px, (max-width: 800px) 100vw, 800px\" \/><\/figure><div class=\"elementor-image-box-content\"><h3 class=\"elementor-image-box-title\">Juostuoto Satino patalyn\u0117s  komplektas\t<\/h3><p class=\"elementor-image-box-description\">Juostuotas 2.5cm juosteliu, \u0161velnus patalyn\u0117s  komplektas\t<br>\t\nSud\u0117tis: 70% \u0161ukuotin\u0117s medviln\u0117s 30% poliesterio. <br>Med\u017eiagos tankis  200TC.\t<br><br>\nSpecialus antklod\u0117s u\u017evalkalo ir paklodes \u017eenklinimas:\t<br>\t\nM\u0117lyna&nbsp;juostel\u0117 vienguliui u\u017evalkalui.\t\t<br>\nRaudona juostel\u0117 dviguliui u\u017evalkalui.\n<br><br><b>Pagaminta Egipte<\/b>\n<\/p><\/div><\/div>\t\t<\/div>\n\t\t\t\t<\/div>\n\t\t\t\t\t<\/div>\n\t\t<\/div>\n\t\t\t\t\t<\/div>\n\t\t<\/section>\n\t\t\t\t<section data-particle_enable=\"false\" data-particle-mobile-disabled=\"false\" class=\"elementor-section elementor-top-section elementor-element elementor-element-75ff8f9 elementor-section-boxed elementor-section-height-default elementor-section-height-default\" data-id=\"75ff8f9\" data-element_type=\"section\">\n\t\t\t\t\t\t<div class=\"elementor-container elementor-column-gap-default\">\n\t\t\t\t\t<div class=\"elementor-column elementor-col-100 elementor-top-column elementor-element elementor-element-038857f\" data-id=\"038857f\" data-element_type=\"column\">\n\t\t\t<div class=\"elementor-widget-wrap elementor-element-populated\">\n\t\t\t\t\t\t<div class=\"elementor-element elementor-element-4d8ea49 elementor-position-left elementor-vertical-align-top elementor-widget elementor-widget-image-box\" data-id=\"4d8ea49\" data-element_type=\"widget\" data-widget_type=\"image-box.default\">\n\t\t\t\t<div class=\"elementor-widget-container\">\n\t\t\t<div class=\"elementor-image-box-wrapper\"><figure class=\"elementor-image-box-img\"><img decoding=\"async\" width=\"1024\" height=\"686\" src=\"https:\/\/ambertex.lt\/wp-content\/uploads\/2022\/02\/Tennesse.jpg\" class=\"attachment-full size-full wp-image-111\" alt=\"\" srcset=\"https:\/\/ambertex.lt\/wp-content\/uploads\/2022\/02\/Tennesse.jpg 1024w, https:\/\/ambertex.lt\/wp-content\/uploads\/2022\/02\/Tennesse-300x201.jpg 300w, https:\/\/ambertex.lt\/wp-content\/uploads\/2022\/02\/Tennesse-150x100.jpg 150w, https:\/\/ambertex.lt\/wp-content\/uploads\/2022\/02\/Tennesse-800x536.jpg 800w, https:\/\/ambertex.lt\/wp-content\/uploads\/2022\/02\/Tennesse-768x515.jpg 768w, https:\/\/ambertex.lt\/wp-content\/uploads\/2022\/02\/Tennesse-272x182.jpg 272w\" sizes=\"(max-width: 360px) 147px, (max-width: 1024px) 100vw, 1024px\" \/><\/figure><div class=\"elementor-image-box-content\"><h3 class=\"elementor-image-box-title\">Languotas Tennessy patalyn\u0117s  komplektas<\/h3><p class=\"elementor-image-box-description\">Languotas \u0161velnus patalyn\u0117s  komplektas\n<br>Sud\u0117tis: 80% \u0161ukuotin\u0117s medviln\u0117s 20% poliesterio. <br>Med\u017eiagos tankis 280TC.\t<br>\n<br>Specialus antklod\u0117s u\u017evalkalo \u017eenklinimas:\t<br>\t\nM\u0117lyna juostel\u0117 vienguliui u\u017evalkalui ir paklodei.<br>\nRaudona juostel\u0117 dviguliui u\u017evalkalui.<br><br>\n<b>Pagaminta Egipte<\/b>\t\n\n<\/p><\/div><\/div>\t\t<\/div>\n\t\t\t\t<\/div>\n\t\t\t\t\t<\/div>\n\t\t<\/div>\n\t\t\t\t\t<\/div>\n\t\t<\/section>\n\t\t\t\t<section data-particle_enable=\"false\" data-particle-mobile-disabled=\"false\" class=\"elementor-section elementor-top-section elementor-element elementor-element-6abb1ed elementor-section-boxed elementor-section-height-default elementor-section-height-default\" data-id=\"6abb1ed\" data-element_type=\"section\">\n\t\t\t\t\t\t<div class=\"elementor-container elementor-column-gap-default\">\n\t\t\t\t\t<div class=\"elementor-column elementor-col-100 elementor-top-column elementor-element elementor-element-dda3bb3\" data-id=\"dda3bb3\" data-element_type=\"column\">\n\t\t\t<div class=\"elementor-widget-wrap elementor-element-populated\">\n\t\t\t\t\t\t<div class=\"elementor-element elementor-element-d42ad07 elementor-position-left elementor-vertical-align-top elementor-widget elementor-widget-image-box\" data-id=\"d42ad07\" data-element_type=\"widget\" data-widget_type=\"image-box.default\">\n\t\t\t\t<div class=\"elementor-widget-container\">\n\t\t\t<div class=\"elementor-image-box-wrapper\"><figure class=\"elementor-image-box-img\"><img loading=\"lazy\" decoding=\"async\" width=\"1024\" height=\"733\" src=\"https:\/\/ambertex.lt\/wp-content\/uploads\/2022\/02\/White-Product-Hawaii-RT.jpg\" class=\"attachment-full size-full wp-image-128\" alt=\"\" srcset=\"https:\/\/ambertex.lt\/wp-content\/uploads\/2022\/02\/White-Product-Hawaii-RT.jpg 1024w, https:\/\/ambertex.lt\/wp-content\/uploads\/2022\/02\/White-Product-Hawaii-RT-300x215.jpg 300w, https:\/\/ambertex.lt\/wp-content\/uploads\/2022\/02\/White-Product-Hawaii-RT-150x107.jpg 150w, https:\/\/ambertex.lt\/wp-content\/uploads\/2022\/02\/White-Product-Hawaii-RT-800x573.jpg 800w, https:\/\/ambertex.lt\/wp-content\/uploads\/2022\/02\/White-Product-Hawaii-RT-768x550.jpg 768w\" sizes=\"(max-width: 360px) 147px, (max-width: 1024px) 100vw, 1024px\" \/><\/figure><div class=\"elementor-image-box-content\"><h3 class=\"elementor-image-box-title\">Hawaii patalyn\u0117s  komplektas<\/h3><p class=\"elementor-image-box-description\">Baltas \u0161velnus patalyn\u0117s  komplektas.\t<br>\nSud\u0117tis: 100% medviln\u0117s perkelio patalynes komplektas. \n<br> Med\u017eiagos tankis 200TC.\t<br><br>\nSpecialus antklod\u0117s u\u017evalkalo ir paklodes \u017eenklinimas: <br>\nM\u0117lyna&nbsp;juostel\u0117 vienguliui u\u017evalkalui ir paklodei.\t<br>\nRaudona juostel\u0117 dviguliui u\u017evalkalui ir paklodei.\t<br><br>\n<b>Pagaminta Egipte<\/b>\t \n<\/p><\/div><\/div>\t\t<\/div>\n\t\t\t\t<\/div>\n\t\t\t\t\t<\/div>\n\t\t<\/div>\n\t\t\t\t\t<\/div>\n\t\t<\/section>\n\t\t\t\t<section data-particle_enable=\"false\" data-particle-mobile-disabled=\"false\" class=\"elementor-section elementor-top-section elementor-element elementor-element-750a2f6 elementor-section-boxed elementor-section-height-default elementor-section-height-default\" data-id=\"750a2f6\" data-element_type=\"section\">\n\t\t\t\t\t\t<div class=\"elementor-container elementor-column-gap-default\">\n\t\t\t\t\t<div class=\"elementor-column elementor-col-100 elementor-top-column elementor-element elementor-element-98a8605\" data-id=\"98a8605\" data-element_type=\"column\">\n\t\t\t<div class=\"elementor-widget-wrap elementor-element-populated\">\n\t\t\t\t\t\t<div class=\"elementor-element elementor-element-4c6379d elementor-position-left elementor-vertical-align-top elementor-widget elementor-widget-image-box\" data-id=\"4c6379d\" data-element_type=\"widget\" data-widget_type=\"image-box.default\">\n\t\t\t\t<div class=\"elementor-widget-container\">\n\t\t\t<div class=\"elementor-image-box-wrapper\"><figure class=\"elementor-image-box-img\"><img loading=\"lazy\" decoding=\"async\" width=\"1024\" height=\"692\" src=\"https:\/\/ambertex.lt\/wp-content\/uploads\/2022\/02\/indiana.jpg\" class=\"attachment-full size-full wp-image-76\" alt=\"\" srcset=\"https:\/\/ambertex.lt\/wp-content\/uploads\/2022\/02\/indiana.jpg 1024w, https:\/\/ambertex.lt\/wp-content\/uploads\/2022\/02\/indiana-300x203.jpg 300w, https:\/\/ambertex.lt\/wp-content\/uploads\/2022\/02\/indiana-150x101.jpg 150w, https:\/\/ambertex.lt\/wp-content\/uploads\/2022\/02\/indiana-800x541.jpg 800w, https:\/\/ambertex.lt\/wp-content\/uploads\/2022\/02\/indiana-768x519.jpg 768w\" sizes=\"(max-width: 360px) 147px, (max-width: 1024px) 100vw, 1024px\" \/><\/figure><div class=\"elementor-image-box-content\"><h3 class=\"elementor-image-box-title\">Indiana patalyn\u0117s  komplektas<\/h3><p class=\"elementor-image-box-description\">Baltas \u0161velnus perkelio patalyn\u0117s  komplektas.\t<br>\nSud\u0117tis: 100% medviln\u0117s perkelis. Med\u017eiagos tankis 300TC. <br><br>\t\nSpecialus antklod\u0117s u\u017evalkalo ir paklodes \u017eenklinimas:\t<br>\nM\u0117lyna&nbsp;juostel\u0117 vienguliui u\u017evalkalui ir paklodei.\t<br>\nRaudona juostel\u0117 dviguliui u\u017evalkalui.\t<br><br>\n<b>Pagaminta Egipte<\/b>\t\n<\/p><\/div><\/div>\t\t<\/div>\n\t\t\t\t<\/div>\n\t\t\t\t\t<\/div>\n\t\t<\/div>\n\t\t\t\t\t<\/div>\n\t\t<\/section>\n\t\t\t\t<\/div>\n\t\t","protected":false},"excerpt":{"rendered":"<p>Cotton Rich patalyn\u0117s komplektas Baltas, lygus, \u0161velnus&nbsp;Cotton Rich&nbsp;patalyn\u0117s komplektas Sud\u0117tis: 70% medviln\u0117 30% poliesteris. Med\u017eiagos tankis 130TC. Specialus antklod\u0117s u\u017evalkalo ir paklodes \u017eenklinimas: M\u0117lyna juostel\u0117 vienguliui u\u017evalkalui ir paklodei. Raudona juostel\u0117 dviguliui u\u017evalkalui ir paklodei. Pagaminta Egipte Juostuoto Satino patalyn\u0117s komplektas Juostuotas 2.5cm juosteliu, \u0161velnus patalyn\u0117s komplektas Sud\u0117tis: 70% \u0161ukuotin\u0117s medviln\u0117s 30% poliesterio. Med\u017eiagos tankis [&hellip;]<\/p>\n","protected":false},"author":1,"featured_media":0,"parent":0,"menu_order":0,"comment_status":"closed","ping_status":"closed","template":"elementor_header_footer","meta":{"footnotes":""},"class_list":["post-19","page","type-page","status-publish","hentry"],"jetpack_sharing_enabled":true,"_links":{"self":[{"href":"https:\/\/ambertex.lt\/index.php\/wp-json\/wp\/v2\/pages\/19","targetHints":{"allow":["GET"]}}],"collection":[{"href":"https:\/\/ambertex.lt\/index.php\/wp-json\/wp\/v2\/pages"}],"about":[{"href":"https:\/\/ambertex.lt\/index.php\/wp-json\/wp\/v2\/types\/page"}],"author":[{"embeddable":true,"href":"https:\/\/ambertex.lt\/index.php\/wp-json\/wp\/v2\/users\/1"}],"replies":[{"embeddable":true,"href":"https:\/\/ambertex.lt\/index.php\/wp-json\/wp\/v2\/comments?post=19"}],"version-history":[{"count":71,"href":"https:\/\/ambertex.lt\/index.php\/wp-json\/wp\/v2\/pages\/19\/revisions"}],"predecessor-version":[{"id":7166,"href":"https:\/\/ambertex.lt\/index.php\/wp-json\/wp\/v2\/pages\/19\/revisions\/7166"}],"wp:attachment":[{"href":"https:\/\/ambertex.lt\/index.php\/wp-json\/wp\/v2\/media?parent=19"}],"curies":[{"name":"wp","href":"https:\/\/api.w.org\/{rel}","templated":true}]}}