{"id":7389,"date":"2022-07-26T10:28:16","date_gmt":"2022-07-26T10:28:16","guid":{"rendered":"https:\/\/ambertex.lt\/?post_type=product&#038;p=7389"},"modified":"2025-02-17T14:35:19","modified_gmt":"2025-02-17T14:35:19","slug":"antklode-basic","status":"publish","type":"product","link":"https:\/\/ambertex.lt\/index.php\/product\/antklode-basic\/","title":{"rendered":"Antklod\u0117 Basic"},"content":{"rendered":"\n<p>100% poliesterio pluo\u0161tas 300g\/m2<br>\u201eMicrofiber Basic\u201c patalyn\u0117 i\u0161skirtin\u0117 savo lengvumu ir<br>mink\u0161tumu. Antklod\u017ei\u0173 vir\u0161utinis Microfiber audinys itin<br>malonus liesti, jis tiesiog spindi savo baltumu.<br>Antklod\u017ei\u0173 u\u017epildui naudojamas 300 g\/m\u00b2 tu\u0161\u010diaviduris<br>silikonizuotas poliesterio pluo\u0161tas, kuris antklodei<br>suteikia purumo ir jaukumo poj\u016bt\u012f. Tai vienas<br>populiariausi\u0173 vie\u0161bu\u010di\u0173 kategorijos produkt\u0173.<\/p>\n\n\n\n<figure class=\"wp-block-image size-full\"><img decoding=\"async\" width=\"403\" height=\"69\" src=\"https:\/\/ambertex.lt\/wp-content\/uploads\/2022\/07\/image-9.png\" alt=\"\" class=\"wp-image-7392\" srcset=\"https:\/\/ambertex.lt\/wp-content\/uploads\/2022\/07\/image-9.png 403w, https:\/\/ambertex.lt\/wp-content\/uploads\/2022\/07\/image-9-300x51.png 300w, https:\/\/ambertex.lt\/wp-content\/uploads\/2022\/07\/image-9-150x26.png 150w\" sizes=\"(max-width: 403px) 100vw, 403px\" \/><\/figure>\n","protected":false},"excerpt":{"rendered":"<p>100% poliesterio pluo\u0161tas 300g\/m2\u201eMicrofiber Basic\u201c patalyn\u0117 i\u0161skirtin\u0117 savo lengvumu irmink\u0161tumu. Antklod\u017ei\u0173 vir\u0161utinis Microfiber audinys itinmalonus liesti, jis tiesiog spindi savo baltumu.Antklod\u017ei\u0173 u\u017epildui naudojamas 300 g\/m\u00b2 tu\u0161\u010diavidurissilikonizuotas poliesterio pluo\u0161tas, kuris antklodeisuteikia purumo ir jaukumo poj\u016bt\u012f. Tai vienaspopuliariausi\u0173 vie\u0161bu\u010di\u0173 kategorijos produkt\u0173.<\/p>\n","protected":false},"featured_media":7388,"template":"","meta":[],"product_brand":[],"product_cat":[52],"product_tag":[],"class_list":{"0":"post-7389","1":"product","2":"type-product","3":"status-publish","4":"has-post-thumbnail","6":"product_cat-antklodes","8":"first","9":"instock","10":"shipping-taxable","11":"purchasable","12":"product-type-variable"},"wcpa_form_fields":null,"jetpack_sharing_enabled":true,"_links":{"self":[{"href":"https:\/\/ambertex.lt\/index.php\/wp-json\/wp\/v2\/product\/7389","targetHints":{"allow":["GET"]}}],"collection":[{"href":"https:\/\/ambertex.lt\/index.php\/wp-json\/wp\/v2\/product"}],"about":[{"href":"https:\/\/ambertex.lt\/index.php\/wp-json\/wp\/v2\/types\/product"}],"wp:featuredmedia":[{"embeddable":true,"href":"https:\/\/ambertex.lt\/index.php\/wp-json\/wp\/v2\/media\/7388"}],"wp:attachment":[{"href":"https:\/\/ambertex.lt\/index.php\/wp-json\/wp\/v2\/media?parent=7389"}],"wp:term":[{"taxonomy":"product_brand","embeddable":true,"href":"https:\/\/ambertex.lt\/index.php\/wp-json\/wp\/v2\/product_brand?post=7389"},{"taxonomy":"product_cat","embeddable":true,"href":"https:\/\/ambertex.lt\/index.php\/wp-json\/wp\/v2\/product_cat?post=7389"},{"taxonomy":"product_tag","embeddable":true,"href":"https:\/\/ambertex.lt\/index.php\/wp-json\/wp\/v2\/product_tag?post=7389"}],"curies":[{"name":"wp","href":"https:\/\/api.w.org\/{rel}","templated":true}]}}