{"id":7475,"date":"2022-07-27T14:19:08","date_gmt":"2022-07-27T14:19:08","guid":{"rendered":"https:\/\/ambertex.lt\/?post_type=product&#038;p=7475"},"modified":"2026-01-01T19:26:26","modified_gmt":"2026-01-01T19:26:26","slug":"duso-uzuolaida","status":"publish","type":"product","link":"https:\/\/ambertex.lt\/index.php\/product\/duso-uzuolaida\/","title":{"rendered":"Du\u0161o u\u017euolaida"},"content":{"rendered":"\n<p>100 % poliesterio, balta du\u0161o u\u017euolaida,primenanti satino patalyn\u0119.<\/p>\n\n\n\n<p>Balta, 2 cm juostel\u0117mis du\u0161o u\u017euolaida.<br>Pasunkinta apa\u010dia neleid\u017eia du\u0161o u\u017euolaidai prilipti prie k\u016bno.<br>Galima d\u017eiovinti d\u017eiovykl\u0117je.<br>Negalima balinti su chloru.<br>Parduodama su 12 plastikini\u0173, balt\u0173 \u017eied\u0173<\/p>\n\n\n\n<figure class=\"wp-block-image size-full\"><img decoding=\"async\" width=\"405\" height=\"82\" src=\"https:\/\/ambertex.lt\/wp-content\/uploads\/2022\/07\/image-25.png\" alt=\"\" class=\"wp-image-7476\" srcset=\"https:\/\/ambertex.lt\/wp-content\/uploads\/2022\/07\/image-25.png 405w, https:\/\/ambertex.lt\/wp-content\/uploads\/2022\/07\/image-25-300x61.png 300w, https:\/\/ambertex.lt\/wp-content\/uploads\/2022\/07\/image-25-150x30.png 150w\" sizes=\"(max-width: 405px) 100vw, 405px\" \/><\/figure>\n\n\n\n<p><\/p>\n","protected":false},"excerpt":{"rendered":"<p>100 % poliesterio, balta du\u0161o u\u017euolaida,primenanti satino patalyn\u0119. Balta, 2 cm juostel\u0117mis du\u0161o u\u017euolaida.Pasunkinta apa\u010dia neleid\u017eia du\u0161o u\u017euolaidai prilipti prie k\u016bno.Galima d\u017eiovinti d\u017eiovykl\u0117je.Negalima balinti su chloru.Parduodama su 12 plastikini\u0173, balt\u0173 \u017eied\u0173<\/p>\n","protected":false},"featured_media":7479,"template":"","meta":[],"product_brand":[],"product_cat":[66],"product_tag":[],"class_list":{"0":"post-7475","1":"product","2":"type-product","3":"status-publish","4":"has-post-thumbnail","6":"product_cat-duso-uzuolaidos","8":"first","9":"instock","10":"shipping-taxable","11":"purchasable","12":"product-type-variable"},"wcpa_form_fields":null,"jetpack_sharing_enabled":true,"_links":{"self":[{"href":"https:\/\/ambertex.lt\/index.php\/wp-json\/wp\/v2\/product\/7475","targetHints":{"allow":["GET"]}}],"collection":[{"href":"https:\/\/ambertex.lt\/index.php\/wp-json\/wp\/v2\/product"}],"about":[{"href":"https:\/\/ambertex.lt\/index.php\/wp-json\/wp\/v2\/types\/product"}],"wp:featuredmedia":[{"embeddable":true,"href":"https:\/\/ambertex.lt\/index.php\/wp-json\/wp\/v2\/media\/7479"}],"wp:attachment":[{"href":"https:\/\/ambertex.lt\/index.php\/wp-json\/wp\/v2\/media?parent=7475"}],"wp:term":[{"taxonomy":"product_brand","embeddable":true,"href":"https:\/\/ambertex.lt\/index.php\/wp-json\/wp\/v2\/product_brand?post=7475"},{"taxonomy":"product_cat","embeddable":true,"href":"https:\/\/ambertex.lt\/index.php\/wp-json\/wp\/v2\/product_cat?post=7475"},{"taxonomy":"product_tag","embeddable":true,"href":"https:\/\/ambertex.lt\/index.php\/wp-json\/wp\/v2\/product_tag?post=7475"}],"curies":[{"name":"wp","href":"https:\/\/api.w.org\/{rel}","templated":true}]}}