{"id":7677,"date":"2025-11-26T10:29:44","date_gmt":"2025-11-26T10:29:44","guid":{"rendered":"https:\/\/ambertex.lt\/?post_type=product&#038;p=7677"},"modified":"2025-11-27T11:01:19","modified_gmt":"2025-11-27T11:01:19","slug":"balta-paklode-su-guma","status":"publish","type":"product","link":"https:\/\/ambertex.lt\/index.php\/product\/balta-paklode-su-guma\/","title":{"rendered":"Balta paklod\u0117 su guma"},"content":{"rendered":"\n<p>\u0160ios paklod\u0117s gaminamos i\u0161 satino nat\u016bralaus medvilninio audinio. Satinas yra tankaus pynimo, plonas ir labai lengvas, ta\u010diau labai patvarum\u0105 bei atsparum\u0105 d\u0117v\u0117jimuisi. Tad tikrai patiks norintiems suderinti prakti\u0161kum\u0105 su i\u0161vaizda.<\/p>\n\n\n\n<p><\/p>\n\n\n\n<p><strong>Sud\u0117tis:<\/strong><br>100% satino medviln\u0117<\/p>\n\n\n\n<p>Rekomenduojame skalbti ne daugiau kaip 600 apsuk\u0173\/min ir i\u0161laikyti 40 laipsni\u0173 temperat\u016br\u0105. Prie\u0161 naudojim\u0105 gamin\u012f patariama i\u0161skalbti!<br><\/p>\n\n\n\n<p><br><\/p>\n\n\n\n<p><\/p>\n","protected":false},"excerpt":{"rendered":"<p>\u0160ios paklod\u0117s gaminamos i\u0161 satino nat\u016bralaus medvilninio audinio. Satinas yra tankaus pynimo, plonas ir labai lengvas, ta\u010diau labai patvarum\u0105 bei atsparum\u0105 d\u0117v\u0117jimuisi. Tad tikrai patiks norintiems suderinti prakti\u0161kum\u0105 su i\u0161vaizda. Sud\u0117tis:100% satino medviln\u0117 Rekomenduojame skalbti ne daugiau kaip 600 apsuk\u0173\/min ir i\u0161laikyti 40 laipsni\u0173 temperat\u016br\u0105. Prie\u0161 naudojim\u0105 gamin\u012f patariama i\u0161skalbti!<\/p>\n","protected":false},"featured_media":7686,"template":"","meta":[],"product_brand":[],"product_cat":[68],"product_tag":[],"class_list":{"0":"post-7677","1":"product","2":"type-product","3":"status-publish","4":"has-post-thumbnail","6":"product_cat-paklodes","8":"first","9":"instock","10":"shipping-taxable","11":"purchasable","12":"product-type-variable"},"wcpa_form_fields":null,"jetpack_sharing_enabled":true,"_links":{"self":[{"href":"https:\/\/ambertex.lt\/index.php\/wp-json\/wp\/v2\/product\/7677","targetHints":{"allow":["GET"]}}],"collection":[{"href":"https:\/\/ambertex.lt\/index.php\/wp-json\/wp\/v2\/product"}],"about":[{"href":"https:\/\/ambertex.lt\/index.php\/wp-json\/wp\/v2\/types\/product"}],"wp:featuredmedia":[{"embeddable":true,"href":"https:\/\/ambertex.lt\/index.php\/wp-json\/wp\/v2\/media\/7686"}],"wp:attachment":[{"href":"https:\/\/ambertex.lt\/index.php\/wp-json\/wp\/v2\/media?parent=7677"}],"wp:term":[{"taxonomy":"product_brand","embeddable":true,"href":"https:\/\/ambertex.lt\/index.php\/wp-json\/wp\/v2\/product_brand?post=7677"},{"taxonomy":"product_cat","embeddable":true,"href":"https:\/\/ambertex.lt\/index.php\/wp-json\/wp\/v2\/product_cat?post=7677"},{"taxonomy":"product_tag","embeddable":true,"href":"https:\/\/ambertex.lt\/index.php\/wp-json\/wp\/v2\/product_tag?post=7677"}],"curies":[{"name":"wp","href":"https:\/\/api.w.org\/{rel}","templated":true}]}}